{"id":2053,"date":"2023-05-08T09:35:49","date_gmt":"2023-05-08T07:35:49","guid":{"rendered":"https:\/\/detektyw.pl\/?page_id=2053"},"modified":"2023-07-18T20:40:37","modified_gmt":"2023-07-18T18:40:37","slug":"prawo-cywilne","status":"publish","type":"page","link":"https:\/\/detektyw.pl\/index.php\/prawo-cywilne\/","title":{"rendered":"Prawo cywilne"},"content":{"rendered":"\t\t<div data-elementor-type=\"wp-page\" data-elementor-id=\"2053\" class=\"elementor elementor-2053\" data-elementor-post-type=\"page\">\n\t\t\t\t\t\t<section class=\"elementor-section elementor-top-section elementor-element elementor-element-50f4be8a elementor-section-boxed elementor-section-height-default elementor-section-height-default\" data-id=\"50f4be8a\" data-element_type=\"section\" data-e-type=\"section\">\n\t\t\t\t\t\t<div class=\"elementor-container elementor-column-gap-default\">\n\t\t\t\t\t<div class=\"elementor-column elementor-col-100 elementor-top-column elementor-element elementor-element-4d0625dd\" data-id=\"4d0625dd\" data-element_type=\"column\" data-e-type=\"column\">\n\t\t\t<div class=\"elementor-widget-wrap\">\n\t\t\t\t\t\t\t<\/div>\n\t\t<\/div>\n\t\t\t\t\t<\/div>\n\t\t<\/section>\n\t\t\t\t<section class=\"elementor-section elementor-top-section elementor-element elementor-element-47967e elementor-section-boxed elementor-section-height-default elementor-section-height-default\" data-id=\"47967e\" data-element_type=\"section\" data-e-type=\"section\">\n\t\t\t\t\t\t<div class=\"elementor-container elementor-column-gap-default\">\n\t\t\t\t\t<div class=\"elementor-column elementor-col-100 elementor-top-column elementor-element elementor-element-2aaecdfc\" data-id=\"2aaecdfc\" data-element_type=\"column\" data-e-type=\"column\">\n\t\t\t<div class=\"elementor-widget-wrap elementor-element-populated\">\n\t\t\t\t\t\t<div class=\"elementor-element elementor-element-2e3fd588 elementor-widget elementor-widget-heading\" data-id=\"2e3fd588\" data-element_type=\"widget\" data-e-type=\"widget\" data-widget_type=\"heading.default\">\n\t\t\t\t<div class=\"elementor-widget-container\">\n\t\t\t\t\t<h1 class=\"elementor-heading-title elementor-size-default\">Prawo cywilne<\/h1>\t\t\t\t<\/div>\n\t\t\t\t<\/div>\n\t\t\t\t\t<\/div>\n\t\t<\/div>\n\t\t\t\t\t<\/div>\n\t\t<\/section>\n\t\t\t\t<section class=\"elementor-section elementor-top-section elementor-element elementor-element-6bf7a2d6 elementor-section-boxed elementor-section-height-default elementor-section-height-default\" data-id=\"6bf7a2d6\" data-element_type=\"section\" data-e-type=\"section\">\n\t\t\t\t\t\t<div class=\"elementor-container elementor-column-gap-default\">\n\t\t\t\t\t<div class=\"elementor-column elementor-col-100 elementor-top-column elementor-element elementor-element-703841e9\" data-id=\"703841e9\" data-element_type=\"column\" data-e-type=\"column\">\n\t\t\t<div class=\"elementor-widget-wrap elementor-element-populated\">\n\t\t\t\t\t\t<div class=\"elementor-element elementor-element-62010af elementor-widget elementor-widget-text-editor\" data-id=\"62010af\" data-element_type=\"widget\" data-e-type=\"widget\" data-widget_type=\"text-editor.default\">\n\t\t\t\t<div class=\"elementor-widget-container\">\n\t\t\t\t\t\t\t\t\t<p>\u017bycie sk\u0142ada si\u0119 z zawieranych ka\u017cdego dnia um\u00f3w cywilnoprawnych, z kt\u00f3rych nierzadko nie zdajemy sobie nawet sprawy. Gdy idziemy do sklepu zawieramy umow\u0119 sprzeda\u017cy, gdy idziemy do fryzjera zlecany wykonanie dzie\u0142a, a gdy korzystamy z roweru miejskiego p\u0142ac\u0105c za to okre\u015blon\u0105 kwot\u0119, dochodzi do jego najmu. Z tymi prostymi stosunkami cywilnoprawnymi ka\u017cdy z nas sam sobie doskonale radzi. Istniej\u0105 jednak sprawy znacznie wy\u017cszej wagi, z kt\u00f3rymi nie jeste\u015bmy w stanie sobie poradzi\u0107 bez pomocy specjalisty.<\/p><p>Radcowie prawni dzia\u0142aj\u0105cy w ramach Agencji <a href=\"http:\/\/www.detektyw.pl\">www.detektyw.pl<\/a> to cywili\u015bci z wieloletnim do\u015bwiadczeniem. W swojej karierze prowadzili ca\u0142e spektrum spraw, w tym r\u00f3wnie\u017c o wysokim stopniu skomplikowanie i du\u017cych warto\u015bciach przedmiotu sporu. Uzyskiwali przy tym korzystne dla Klient\u00f3w wyroki, kt\u00f3re mo\u017cna by okre\u015bli\u0107 mianem precedensowych, zapewniaj\u0105c zawsze wysoki poziom merytoryczny oraz profesjonalne podej\u015bcie do ka\u017cdego zlecenia.<\/p><p>W sprawach z zakresu prawa cywilnego\u00a0prowadzimy obs\u0142ug\u0119 prawn\u0105 zar\u00f3wno podmiot\u00f3w gospodarczych, jak te\u017c klient\u00f3w indywidualnych. Udzielamy naszym Klientom pomocy prawnej we wszystkich istotnych dla nich sprawach. Zapewniamy te\u017c reprezentacj\u0119 Klient\u00f3w przed s\u0105dami powszechnymi wszystkich instancji, przed wszelkimi s\u0105dami polubownymi i arbitra\u017cowymi, a tak\u017ce przed S\u0105dem Najwy\u017cszym.<\/p><p><strong>\u015awiadczymy swoje us\u0142ugi w szczeg\u00f3lno\u015bci poprzez: <br \/><\/strong><\/p><ul><li>udzielanie porad prawnych<\/li><li>sporz\u0105dzanie oraz opiniowanie um\u00f3w cywilnoprawnych<\/li><li>prowadzenie spraw s\u0105dowych, w tym r\u00f3wnie\u017c przez zast\u0119pstwo procesowe os\u00f3b fizycznych oraz podmiot\u00f3w gospodarczych przed s\u0105dami<\/li><li>doradztwo prawne w zakresie szeroko rozumianego prawa cywilnego, w tym w szczeg\u00f3lno\u015bci dochodzenie roszcze\u0144 z zakresu prawa rzeczowego, w tym w\u0142asno\u015bci i innych praw rzeczowych, w sprawach dotycz\u0105cych problematyki naruszenia posiadania, zniesienia wsp\u00f3\u0142w\u0142asno\u015bci, zasiedzenia oraz zagadnie\u0144 zwi\u0105zanych z ustanawianiem s\u0142u\u017cebno\u015bci gruntowych i osobistych oraz roszcze\u0144 z tym zwi\u0105zanych<\/li><li>\u015bwiadczenie pomocy prawnej z dziedziny prawa spadkowego, w szczeg\u00f3lno\u015bci dotycz\u0105ce post\u0119powa\u0144 s\u0105dowych o stwierdzenie nabycia spadku, dzia\u0142u spadku, roszcze\u0144 o zachowek<\/li><li>doradztwo prawne z zakresu roszcze\u0144 odszkodowawczych wynikaj\u0105cych z czyn\u00f3w niedozwolonych, niewykonania, b\u0105d\u017a te\u017c nienale\u017cytego wykonania umowy,<\/li><li>reprezentowanie poszkodowanych przed zak\u0142adami ubezpiecze\u0144<\/li><li>konstruowanie pism procesowych, w szczeg\u00f3lno\u015bci pozw\u00f3w oraz \u015brodk\u00f3w zaskar\u017cenia, we wszelkich zleconych nam sprawach<\/li><li>sporz\u0105dzanie opinii prawnych w sprawach, w kt\u00f3rych zlecono nam udzielenie odpowiedzi na sformu\u0142owane przez Klient\u00f3w pytania<\/li><li>obs\u0142ug\u0119 klient\u00f3w online<\/li><\/ul><p><strong>Reprezentujemy naszych Klient\u00f3w mi\u0119dzy innymi w sprawach z zakresu:<\/strong><\/p><ul><li><strong>prawa cywilnego <\/strong><ul><li>o\u00a0zap\u0142at\u0119<\/li><li>o odszkodowanie i zado\u015b\u0107uczynienie za doznan\u0105 krzywd\u0119<\/li><li>o ochron\u0119 d\u00f3br osobistych<\/li><li>o ochron\u0119 w\u0142asno\u015bci i\u00a0naruszenie posiadania<\/li><li>o zasiedzenie nieruchomo\u015bci<\/li><li>o uw\u0142aszczenie nieruchomo\u015bci<\/li><li>o ustanowienie s\u0142u\u017cebno\u015bci, w tym r\u00f3wnie\u017c s\u0142u\u017cebno\u015bci drogi koniecznej oraz s\u0142u\u017cebno\u015bci przesy\u0142u (s\u0142upy energetyczne)<\/li><li>o zniesienie wsp\u00f3\u0142w\u0142asno\u015bci<\/li><li>o wydanie lokalu mieszkalnego lub u\u017cytkowego (eksmisja)<\/li><li>o wynagrodzenie za bezumowne korzystanie z rzeczy<\/li><li>z zakresie post\u0119powania wieczystoksi\u0119gowego<\/li><li>z zakresu kredyt\u00f3w bankowych udzielanych we Frankach Szwajcarskich (tzw. sprawy Frankowe)<\/li><\/ul><\/li><li><strong>prawa rodzinnego<\/strong><ul><li>o rozw\u00f3d i\u00a0separacj\u0119<\/li><li>o podzia\u0142 maj\u0105tku wsp\u00f3lnego po ustaniu ma\u0142\u017ce\u0144stwa<\/li><li>o alimenty<\/li><li>o ustalenie kontakt\u00f3w z dzie\u0107mi,<\/li><li>o ustalenie w\u0142adzy rodzicielskiej<\/li><li>o ustalenie ojcostwa<\/li><li>o przysposobienie<\/li><\/ul><\/li><li><strong>prawa spadkowego<\/strong><ul><li>o stwierdzenia nabycia spadku oraz dzia\u0142 spadku<\/li><li>o zachowek<\/li><li>o odrzucenie spadku oraz o przywr\u00f3cenie terminu do z\u0142o\u017cenia o\u015bwiadczenia o odrzuceniu spadku<\/li><\/ul><\/li><\/ul><p>Prawo cywilne to bardzo szeroki zakres, obejmuj\u0105cy zar\u00f3wno sprawy wskazane wy\u017cej, jak te\u017c niezwyk\u0142e bogactwo sytuacji \u017cyciowych odnosz\u0105cych si\u0119 do prawa zobowi\u0105za\u0144 i prawa rzeczowego. Do ka\u017cdej ze spraw, kt\u00f3r\u0105 zechcesz na powierzy\u0107, podejdziemy z najwy\u017csz\u0105 uwag\u0105, deleguj\u0105c prawnik\u00f3w specjalizuj\u0105cych si\u0119 w dziedzinie, kt\u00f3rej ona dotyczy.<\/p><p><strong>Sprawd\u017a nas, przekazuj\u0105c nam swoj\u0105 spraw\u0119 do prowadzenia.<\/strong><\/p>\t\t\t\t\t\t\t\t<\/div>\n\t\t\t\t<\/div>\n\t\t\t\t\t<\/div>\n\t\t<\/div>\n\t\t\t\t\t<\/div>\n\t\t<\/section>\n\t\t\t\t<section class=\"elementor-section elementor-top-section elementor-element elementor-element-14b66b03 elementor-section-boxed elementor-section-height-default elementor-section-height-default\" data-id=\"14b66b03\" data-element_type=\"section\" data-e-type=\"section\">\n\t\t\t\t\t\t<div class=\"elementor-container elementor-column-gap-default\">\n\t\t\t\t\t<div class=\"elementor-column elementor-col-100 elementor-top-column elementor-element elementor-element-6e54fcfe\" data-id=\"6e54fcfe\" data-element_type=\"column\" data-e-type=\"column\">\n\t\t\t<div class=\"elementor-widget-wrap elementor-element-populated\">\n\t\t\t\t\t\t<section class=\"elementor-section elementor-inner-section elementor-element elementor-element-42ed28ed elementor-section-boxed elementor-section-height-default elementor-section-height-default\" data-id=\"42ed28ed\" data-element_type=\"section\" data-e-type=\"section\">\n\t\t\t\t\t\t<div class=\"elementor-container elementor-column-gap-default\">\n\t\t\t\t\t<div class=\"elementor-column elementor-col-100 elementor-inner-column elementor-element elementor-element-6e785fdb\" data-id=\"6e785fdb\" data-element_type=\"column\" data-e-type=\"column\">\n\t\t\t<div class=\"elementor-widget-wrap\">\n\t\t\t\t\t\t\t<\/div>\n\t\t<\/div>\n\t\t\t\t\t<\/div>\n\t\t<\/section>\n\t\t\t\t\t<\/div>\n\t\t<\/div>\n\t\t\t\t\t<\/div>\n\t\t<\/section>\n\t\t\t\t<section class=\"elementor-section elementor-top-section elementor-element elementor-element-4638ec21 elementor-section-boxed elementor-section-height-default elementor-section-height-default\" data-id=\"4638ec21\" data-element_type=\"section\" data-e-type=\"section\" data-settings=\"{&quot;background_background&quot;:&quot;classic&quot;,&quot;shape_divider_top&quot;:&quot;tilt&quot;,&quot;shape_divider_bottom&quot;:&quot;tilt&quot;}\">\n\t\t\t\t\t<div class=\"elementor-shape elementor-shape-top\" aria-hidden=\"true\" data-negative=\"false\">\n\t\t\t<svg xmlns=\"http:\/\/www.w3.org\/2000\/svg\" viewBox=\"0 0 1000 100\" preserveAspectRatio=\"none\">\n\t<path class=\"elementor-shape-fill\" d=\"M0,6V0h1000v100L0,6z\"\/>\n<\/svg>\t\t<\/div>\n\t\t\t\t<div class=\"elementor-shape elementor-shape-bottom\" aria-hidden=\"true\" data-negative=\"false\">\n\t\t\t<svg xmlns=\"http:\/\/www.w3.org\/2000\/svg\" viewBox=\"0 0 1000 100\" preserveAspectRatio=\"none\">\n\t<path class=\"elementor-shape-fill\" d=\"M0,6V0h1000v100L0,6z\"\/>\n<\/svg>\t\t<\/div>\n\t\t\t\t\t<div class=\"elementor-container elementor-column-gap-default\">\n\t\t\t\t\t<div class=\"elementor-column elementor-col-100 elementor-top-column elementor-element elementor-element-12a6e12f\" data-id=\"12a6e12f\" data-element_type=\"column\" data-e-type=\"column\">\n\t\t\t<div class=\"elementor-widget-wrap elementor-element-populated\">\n\t\t\t\t\t\t<section class=\"elementor-section elementor-inner-section elementor-element elementor-element-3275ad53 elementor-section-boxed elementor-section-height-default elementor-section-height-default\" data-id=\"3275ad53\" data-element_type=\"section\" data-e-type=\"section\" data-settings=\"{&quot;background_background&quot;:&quot;classic&quot;}\">\n\t\t\t\t\t\t<div class=\"elementor-container elementor-column-gap-default\">\n\t\t\t\t\t<div class=\"elementor-column elementor-col-33 elementor-inner-column elementor-element elementor-element-6b4c7f27\" data-id=\"6b4c7f27\" data-element_type=\"column\" data-e-type=\"column\">\n\t\t\t<div class=\"elementor-widget-wrap elementor-element-populated\">\n\t\t\t\t\t\t<div class=\"elementor-element elementor-element-450f10aa elementor-view-stacked elementor-shape-circle elementor-position-block-start elementor-mobile-position-block-start elementor-widget elementor-widget-icon-box\" data-id=\"450f10aa\" data-element_type=\"widget\" data-e-type=\"widget\" data-widget_type=\"icon-box.default\">\n\t\t\t\t<div class=\"elementor-widget-container\">\n\t\t\t\t\t\t\t<div class=\"elementor-icon-box-wrapper\">\n\n\t\t\t\t\t\t<div class=\"elementor-icon-box-icon\">\n\t\t\t\t<span  class=\"elementor-icon\">\n\t\t\t\t<i aria-hidden=\"true\" class=\"far fa-bell\"><\/i>\t\t\t\t<\/span>\n\t\t\t<\/div>\n\t\t\t\n\t\t\t\t\t\t<div class=\"elementor-icon-box-content\">\n\n\t\t\t\t\t\t\t\t\t<h4 class=\"elementor-icon-box-title\">\n\t\t\t\t\t\t<span  >\n\t\t\t\t\t\t\tNie zwlekaj\t\t\t\t\t\t<\/span>\n\t\t\t\t\t<\/h4>\n\t\t\t\t\n\t\t\t\t\t\t\t\t\t<p class=\"elementor-icon-box-description\">\n\t\t\t\t\t\tczas ucieka \t\t\t\t\t<\/p>\n\t\t\t\t\n\t\t\t<\/div>\n\t\t\t\n\t\t<\/div>\n\t\t\t\t\t\t<\/div>\n\t\t\t\t<\/div>\n\t\t\t\t\t<\/div>\n\t\t<\/div>\n\t\t\t\t<div class=\"elementor-column elementor-col-33 elementor-inner-column elementor-element elementor-element-2696063d\" data-id=\"2696063d\" data-element_type=\"column\" data-e-type=\"column\">\n\t\t\t<div class=\"elementor-widget-wrap elementor-element-populated\">\n\t\t\t\t\t\t<div class=\"elementor-element elementor-element-6441c91 elementor-view-stacked elementor-shape-circle elementor-position-block-start elementor-mobile-position-block-start elementor-widget elementor-widget-icon-box\" data-id=\"6441c91\" data-element_type=\"widget\" data-e-type=\"widget\" data-widget_type=\"icon-box.default\">\n\t\t\t\t<div class=\"elementor-widget-container\">\n\t\t\t\t\t\t\t<div class=\"elementor-icon-box-wrapper\">\n\n\t\t\t\t\t\t<div class=\"elementor-icon-box-icon\">\n\t\t\t\t<span  class=\"elementor-icon\">\n\t\t\t\t<i aria-hidden=\"true\" class=\"far fa-newspaper\"><\/i>\t\t\t\t<\/span>\n\t\t\t<\/div>\n\t\t\t\n\t\t\t\t\t\t<div class=\"elementor-icon-box-content\">\n\n\t\t\t\t\t\t\t\t\t<h4 class=\"elementor-icon-box-title\">\n\t\t\t\t\t\t<span  >\n\t\t\t\t\t\t\tInformacja\t\t\t\t\t\t<\/span>\n\t\t\t\t\t<\/h4>\n\t\t\t\t\n\t\t\t\t\t\t\t\t\t<p class=\"elementor-icon-box-description\">\n\t\t\t\t\t\tzachowaj wszelkie informacje\t\t\t\t\t<\/p>\n\t\t\t\t\n\t\t\t<\/div>\n\t\t\t\n\t\t<\/div>\n\t\t\t\t\t\t<\/div>\n\t\t\t\t<\/div>\n\t\t\t\t\t<\/div>\n\t\t<\/div>\n\t\t\t\t<div class=\"elementor-column elementor-col-33 elementor-inner-column elementor-element elementor-element-8af8dbd\" data-id=\"8af8dbd\" data-element_type=\"column\" data-e-type=\"column\">\n\t\t\t<div class=\"elementor-widget-wrap elementor-element-populated\">\n\t\t\t\t\t\t<div class=\"elementor-element elementor-element-73d0bd9a elementor-view-stacked elementor-shape-circle elementor-position-block-start elementor-mobile-position-block-start elementor-widget elementor-widget-icon-box\" data-id=\"73d0bd9a\" data-element_type=\"widget\" data-e-type=\"widget\" data-widget_type=\"icon-box.default\">\n\t\t\t\t<div class=\"elementor-widget-container\">\n\t\t\t\t\t\t\t<div class=\"elementor-icon-box-wrapper\">\n\n\t\t\t\t\t\t<div class=\"elementor-icon-box-icon\">\n\t\t\t\t<span  class=\"elementor-icon\">\n\t\t\t\t<i aria-hidden=\"true\" class=\"far fa-money-bill-alt\"><\/i>\t\t\t\t<\/span>\n\t\t\t<\/div>\n\t\t\t\n\t\t\t\t\t\t<div class=\"elementor-icon-box-content\">\n\n\t\t\t\t\t\t\t\t\t<h4 class=\"elementor-icon-box-title\">\n\t\t\t\t\t\t<span  >\n\t\t\t\t\t\t\tOszczedzaj\t\t\t\t\t\t<\/span>\n\t\t\t\t\t<\/h4>\n\t\t\t\t\n\t\t\t\t\t\t\t\t\t<p class=\"elementor-icon-box-description\">\n\t\t\t\t\t\tczas o pieni\u0105dze\t\t\t\t\t<\/p>\n\t\t\t\t\n\t\t\t<\/div>\n\t\t\t\n\t\t<\/div>\n\t\t\t\t\t\t<\/div>\n\t\t\t\t<\/div>\n\t\t\t\t\t<\/div>\n\t\t<\/div>\n\t\t\t\t\t<\/div>\n\t\t<\/section>\n\t\t\t\t\t<\/div>\n\t\t<\/div>\n\t\t\t\t\t<\/div>\n\t\t<\/section>\n\t\t\t\t<section class=\"elementor-section elementor-top-section elementor-element elementor-element-488b23a0 elementor-section-boxed elementor-section-height-default elementor-section-height-default\" data-id=\"488b23a0\" data-element_type=\"section\" data-e-type=\"section\" data-settings=\"{&quot;background_background&quot;:&quot;classic&quot;,&quot;shape_divider_top&quot;:&quot;tilt&quot;}\">\n\t\t\t\t\t<div class=\"elementor-shape elementor-shape-top\" aria-hidden=\"true\" data-negative=\"false\">\n\t\t\t<svg xmlns=\"http:\/\/www.w3.org\/2000\/svg\" viewBox=\"0 0 1000 100\" preserveAspectRatio=\"none\">\n\t<path class=\"elementor-shape-fill\" d=\"M0,6V0h1000v100L0,6z\"\/>\n<\/svg>\t\t<\/div>\n\t\t\t\t\t<div class=\"elementor-container elementor-column-gap-default\">\n\t\t\t\t\t<div class=\"elementor-column elementor-col-100 elementor-top-column elementor-element elementor-element-6d16c6fa\" data-id=\"6d16c6fa\" data-element_type=\"column\" data-e-type=\"column\">\n\t\t\t<div class=\"elementor-widget-wrap elementor-element-populated\">\n\t\t\t\t\t\t<div class=\"elementor-element elementor-element-111df702 elementor-widget elementor-widget-heading\" data-id=\"111df702\" data-element_type=\"widget\" data-e-type=\"widget\" data-widget_type=\"heading.default\">\n\t\t\t\t<div class=\"elementor-widget-container\">\n\t\t\t\t\t<h2 class=\"elementor-heading-title elementor-size-default\">Najwa\u017cniejszy dla nas jest klient<\/h2>\t\t\t\t<\/div>\n\t\t\t\t<\/div>\n\t\t\t\t<div class=\"elementor-element elementor-element-4860ab70 elementor-widget elementor-widget-text-editor\" data-id=\"4860ab70\" data-element_type=\"widget\" data-e-type=\"widget\" data-widget_type=\"text-editor.default\">\n\t\t\t\t<div class=\"elementor-widget-container\">\n\t\t\t\t\t\t\t\t\t<p>nie zwlekaj skontaktuj si\u0119 ju\u017c teraz<\/p>\t\t\t\t\t\t\t\t<\/div>\n\t\t\t\t<\/div>\n\t\t\t\t<div class=\"elementor-element elementor-element-4d02fa64 elementor-align-center elementor-widget elementor-widget-button\" data-id=\"4d02fa64\" data-element_type=\"widget\" data-e-type=\"widget\" data-widget_type=\"button.default\">\n\t\t\t\t<div class=\"elementor-widget-container\">\n\t\t\t\t\t\t\t\t\t<div class=\"elementor-button-wrapper\">\n\t\t\t\t\t<a class=\"elementor-button elementor-button-link elementor-size-sm\" href=\"tel:+48512713714\">\n\t\t\t\t\t\t<span class=\"elementor-button-content-wrapper\">\n\t\t\t\t\t\t\t\t\t<span class=\"elementor-button-text\">ZADZWO\u0143<\/span>\n\t\t\t\t\t<\/span>\n\t\t\t\t\t<\/a>\n\t\t\t\t<\/div>\n\t\t\t\t\t\t\t\t<\/div>\n\t\t\t\t<\/div>\n\t\t\t\t\t<\/div>\n\t\t<\/div>\n\t\t\t\t\t<\/div>\n\t\t<\/section>\n\t\t\t\t<\/div>\n\t\t","protected":false},"excerpt":{"rendered":"<p>Prawo cywilne \u017bycie sk\u0142ada si\u0119 z zawieranych ka\u017cdego dnia um\u00f3w cywilnoprawnych, z kt\u00f3rych nierzadko nie zdajemy sobie nawet sprawy. Gdy idziemy do sklepu zawieramy umow\u0119 sprzeda\u017cy, gdy idziemy do fryzjera zlecany wykonanie dzie\u0142a, a gdy korzystamy z roweru miejskiego p\u0142ac\u0105c za to okre\u015blon\u0105 kwot\u0119, dochodzi do jego najmu. Z tymi prostymi stosunkami cywilnoprawnymi ka\u017cdy z&#8230;<\/p>\n","protected":false},"author":1,"featured_media":0,"parent":0,"menu_order":0,"comment_status":"closed","ping_status":"closed","template":"","meta":{"_kad_post_transparent":"","_kad_post_title":"hide","_kad_post_layout":"fullwidth","_kad_post_sidebar_id":"","_kad_post_content_style":"unboxed","_kad_post_vertical_padding":"hide","_kad_post_feature":"hide","_kad_post_feature_position":"","_kad_post_header":false,"_kad_post_footer":false,"footnotes":""},"class_list":["post-2053","page","type-page","status-publish","hentry"],"yoast_head":"<!-- This site is optimized with the Yoast SEO plugin v27.5 - https:\/\/yoast.com\/product\/yoast-seo-wordpress\/ -->\n<title>Prawo cywilne - detektyw.pl<\/title>\n<meta name=\"robots\" content=\"index, follow, max-snippet:-1, max-image-preview:large, max-video-preview:-1\" \/>\n<link rel=\"canonical\" href=\"https:\/\/detektyw.pl\/index.php\/prawo-cywilne\/\" \/>\n<meta property=\"og:locale\" content=\"pl_PL\" \/>\n<meta property=\"og:type\" content=\"article\" \/>\n<meta property=\"og:title\" content=\"Prawo cywilne - detektyw.pl\" \/>\n<meta property=\"og:description\" content=\"Prawo cywilne \u017bycie sk\u0142ada si\u0119 z zawieranych ka\u017cdego dnia um\u00f3w cywilnoprawnych, z kt\u00f3rych nierzadko nie zdajemy sobie nawet sprawy. Gdy idziemy do sklepu zawieramy umow\u0119 sprzeda\u017cy, gdy idziemy do fryzjera zlecany wykonanie dzie\u0142a, a gdy korzystamy z roweru miejskiego p\u0142ac\u0105c za to okre\u015blon\u0105 kwot\u0119, dochodzi do jego najmu. Z tymi prostymi stosunkami cywilnoprawnymi ka\u017cdy z...\" \/>\n<meta property=\"og:url\" content=\"https:\/\/detektyw.pl\/index.php\/prawo-cywilne\/\" \/>\n<meta property=\"og:site_name\" content=\"detektyw.pl\" \/>\n<meta property=\"article:publisher\" content=\"https:\/\/www.facebook.com\/100089700483679\" \/>\n<meta property=\"article:modified_time\" content=\"2023-07-18T18:40:37+00:00\" \/>\n<meta name=\"twitter:card\" content=\"summary_large_image\" \/>\n<meta name=\"twitter:label1\" content=\"Szacowany czas czytania\" \/>\n\t<meta name=\"twitter:data1\" content=\"3 minuty\" \/>\n<script type=\"application\/ld+json\" class=\"yoast-schema-graph\">{\"@context\":\"https:\\\/\\\/schema.org\",\"@graph\":[{\"@type\":\"WebPage\",\"@id\":\"https:\\\/\\\/detektyw.pl\\\/index.php\\\/prawo-cywilne\\\/\",\"url\":\"https:\\\/\\\/detektyw.pl\\\/index.php\\\/prawo-cywilne\\\/\",\"name\":\"Prawo cywilne - detektyw.pl\",\"isPartOf\":{\"@id\":\"https:\\\/\\\/detektyw.pl\\\/#website\"},\"datePublished\":\"2023-05-08T07:35:49+00:00\",\"dateModified\":\"2023-07-18T18:40:37+00:00\",\"breadcrumb\":{\"@id\":\"https:\\\/\\\/detektyw.pl\\\/index.php\\\/prawo-cywilne\\\/#breadcrumb\"},\"inLanguage\":\"pl-PL\",\"potentialAction\":[{\"@type\":\"ReadAction\",\"target\":[\"https:\\\/\\\/detektyw.pl\\\/index.php\\\/prawo-cywilne\\\/\"]}]},{\"@type\":\"BreadcrumbList\",\"@id\":\"https:\\\/\\\/detektyw.pl\\\/index.php\\\/prawo-cywilne\\\/#breadcrumb\",\"itemListElement\":[{\"@type\":\"ListItem\",\"position\":1,\"name\":\"Strona g\u0142\u00f3wna\",\"item\":\"https:\\\/\\\/detektyw.pl\\\/\"},{\"@type\":\"ListItem\",\"position\":2,\"name\":\"Prawo cywilne\"}]},{\"@type\":\"WebSite\",\"@id\":\"https:\\\/\\\/detektyw.pl\\\/#website\",\"url\":\"https:\\\/\\\/detektyw.pl\\\/\",\"name\":\"detektyw.pl\",\"description\":\"AGENCJA DETEKTYWISTYCZNA I KONSULTINGOWA\",\"publisher\":{\"@id\":\"https:\\\/\\\/detektyw.pl\\\/#organization\"},\"potentialAction\":[{\"@type\":\"SearchAction\",\"target\":{\"@type\":\"EntryPoint\",\"urlTemplate\":\"https:\\\/\\\/detektyw.pl\\\/?s={search_term_string}\"},\"query-input\":{\"@type\":\"PropertyValueSpecification\",\"valueRequired\":true,\"valueName\":\"search_term_string\"}}],\"inLanguage\":\"pl-PL\"},{\"@type\":\"Organization\",\"@id\":\"https:\\\/\\\/detektyw.pl\\\/#organization\",\"name\":\"detektyw.pl\",\"url\":\"https:\\\/\\\/detektyw.pl\\\/\",\"logo\":{\"@type\":\"ImageObject\",\"inLanguage\":\"pl-PL\",\"@id\":\"https:\\\/\\\/detektyw.pl\\\/#\\\/schema\\\/logo\\\/image\\\/\",\"url\":\"https:\\\/\\\/detektyw.pl\\\/wp-content\\\/uploads\\\/2023\\\/04\\\/xlogo.webp\",\"contentUrl\":\"https:\\\/\\\/detektyw.pl\\\/wp-content\\\/uploads\\\/2023\\\/04\\\/xlogo.webp\",\"width\":240,\"height\":79,\"caption\":\"detektyw.pl\"},\"image\":{\"@id\":\"https:\\\/\\\/detektyw.pl\\\/#\\\/schema\\\/logo\\\/image\\\/\"},\"sameAs\":[\"https:\\\/\\\/www.facebook.com\\\/100089700483679\"]}]}<\/script>\n<!-- \/ Yoast SEO plugin. -->","yoast_head_json":{"title":"Prawo cywilne - detektyw.pl","robots":{"index":"index","follow":"follow","max-snippet":"max-snippet:-1","max-image-preview":"max-image-preview:large","max-video-preview":"max-video-preview:-1"},"canonical":"https:\/\/detektyw.pl\/index.php\/prawo-cywilne\/","og_locale":"pl_PL","og_type":"article","og_title":"Prawo cywilne - detektyw.pl","og_description":"Prawo cywilne \u017bycie sk\u0142ada si\u0119 z zawieranych ka\u017cdego dnia um\u00f3w cywilnoprawnych, z kt\u00f3rych nierzadko nie zdajemy sobie nawet sprawy. Gdy idziemy do sklepu zawieramy umow\u0119 sprzeda\u017cy, gdy idziemy do fryzjera zlecany wykonanie dzie\u0142a, a gdy korzystamy z roweru miejskiego p\u0142ac\u0105c za to okre\u015blon\u0105 kwot\u0119, dochodzi do jego najmu. Z tymi prostymi stosunkami cywilnoprawnymi ka\u017cdy z...","og_url":"https:\/\/detektyw.pl\/index.php\/prawo-cywilne\/","og_site_name":"detektyw.pl","article_publisher":"https:\/\/www.facebook.com\/100089700483679","article_modified_time":"2023-07-18T18:40:37+00:00","twitter_card":"summary_large_image","twitter_misc":{"Szacowany czas czytania":"3 minuty"},"schema":{"@context":"https:\/\/schema.org","@graph":[{"@type":"WebPage","@id":"https:\/\/detektyw.pl\/index.php\/prawo-cywilne\/","url":"https:\/\/detektyw.pl\/index.php\/prawo-cywilne\/","name":"Prawo cywilne - detektyw.pl","isPartOf":{"@id":"https:\/\/detektyw.pl\/#website"},"datePublished":"2023-05-08T07:35:49+00:00","dateModified":"2023-07-18T18:40:37+00:00","breadcrumb":{"@id":"https:\/\/detektyw.pl\/index.php\/prawo-cywilne\/#breadcrumb"},"inLanguage":"pl-PL","potentialAction":[{"@type":"ReadAction","target":["https:\/\/detektyw.pl\/index.php\/prawo-cywilne\/"]}]},{"@type":"BreadcrumbList","@id":"https:\/\/detektyw.pl\/index.php\/prawo-cywilne\/#breadcrumb","itemListElement":[{"@type":"ListItem","position":1,"name":"Strona g\u0142\u00f3wna","item":"https:\/\/detektyw.pl\/"},{"@type":"ListItem","position":2,"name":"Prawo cywilne"}]},{"@type":"WebSite","@id":"https:\/\/detektyw.pl\/#website","url":"https:\/\/detektyw.pl\/","name":"detektyw.pl","description":"AGENCJA DETEKTYWISTYCZNA I KONSULTINGOWA","publisher":{"@id":"https:\/\/detektyw.pl\/#organization"},"potentialAction":[{"@type":"SearchAction","target":{"@type":"EntryPoint","urlTemplate":"https:\/\/detektyw.pl\/?s={search_term_string}"},"query-input":{"@type":"PropertyValueSpecification","valueRequired":true,"valueName":"search_term_string"}}],"inLanguage":"pl-PL"},{"@type":"Organization","@id":"https:\/\/detektyw.pl\/#organization","name":"detektyw.pl","url":"https:\/\/detektyw.pl\/","logo":{"@type":"ImageObject","inLanguage":"pl-PL","@id":"https:\/\/detektyw.pl\/#\/schema\/logo\/image\/","url":"https:\/\/detektyw.pl\/wp-content\/uploads\/2023\/04\/xlogo.webp","contentUrl":"https:\/\/detektyw.pl\/wp-content\/uploads\/2023\/04\/xlogo.webp","width":240,"height":79,"caption":"detektyw.pl"},"image":{"@id":"https:\/\/detektyw.pl\/#\/schema\/logo\/image\/"},"sameAs":["https:\/\/www.facebook.com\/100089700483679"]}]}},"_links":{"self":[{"href":"https:\/\/detektyw.pl\/index.php\/wp-json\/wp\/v2\/pages\/2053","targetHints":{"allow":["GET"]}}],"collection":[{"href":"https:\/\/detektyw.pl\/index.php\/wp-json\/wp\/v2\/pages"}],"about":[{"href":"https:\/\/detektyw.pl\/index.php\/wp-json\/wp\/v2\/types\/page"}],"author":[{"embeddable":true,"href":"https:\/\/detektyw.pl\/index.php\/wp-json\/wp\/v2\/users\/1"}],"replies":[{"embeddable":true,"href":"https:\/\/detektyw.pl\/index.php\/wp-json\/wp\/v2\/comments?post=2053"}],"version-history":[{"count":10,"href":"https:\/\/detektyw.pl\/index.php\/wp-json\/wp\/v2\/pages\/2053\/revisions"}],"predecessor-version":[{"id":2634,"href":"https:\/\/detektyw.pl\/index.php\/wp-json\/wp\/v2\/pages\/2053\/revisions\/2634"}],"wp:attachment":[{"href":"https:\/\/detektyw.pl\/index.php\/wp-json\/wp\/v2\/media?parent=2053"}],"curies":[{"name":"wp","href":"https:\/\/api.w.org\/{rel}","templated":true}]}}